 be o(-4). Suppose -y - 2*y + 24 = j. What is the units digit of w(y)?
6
Let v(g) = g**2 - g - 1. What is the units digit of v(8)?
5
Let c be 18/10 - (-3)/15. Suppose 4*n = 20, 2*i - c*n - 12 = 2*n. What is the units digit of (-4)/(-18) - i/(-9)?
2
Suppose 4*y + y = 40. Let p = 8 + y. What is the units digit of p?
6
Let v be 6 + -2 + 3/(-3). Suppose -3*t + 15 = -5*u - 0*t, v*u = -4*t + 20. Let i = 1 + u. What is the units digit of i?
1
Let j = -73 - -172. What is the units digit of j?
9
Let i = -16 - -1. Let k be ((-6)/(-4))/(i/100). Let v = k - -14. What is the units digit of v?
4
Suppose 5*c + 5*k + 3 = 8, 9 = 5*c + k. Let y = -1 - c. Let t = 0 - y. What is the units digit of t?
3
Suppose 4*f - 32 = -0. What is the units digit of f?
8
Let d(h) = -h**3 - 7*h**2 + 7*h + 5. Let a be d(-8). Let g = -1 + a. What is the units digit of g?
2
Let y = 23 - 16. What is the units digit of y?
7
Let k be 0 + 1 + (-3)/(-3). Let j be 1 + k/2 - 7. Let f = j + 9. What is the units digit of f?
4
Let z(r) = r - 3. Let y(j) = -1. Let g(v) = 5*y(v) - z(v). Let k be g(-6). Suppose -21 = -k*m + m. What is the units digit of m?
7
What is the hundreds digit of 332 - (2 - 0) - 2?
3
Suppose 4*w - 9 = 15. Let t(j) = 4 + 8 - w + j. What is the units digit of t(0)?
6
Let f(y) = 2*y**3 + 3*y**2 + 7*y - 13. What is the units digit of f(3)?
9
Let z be -1*(0 - (2 + -2)). Suppose -s = -h - 56, z = -s - h + 64 - 0. Suppose 7*a = 2*a + s. What is the units digit of a?
2
Let q(n) = 3*n**2 - 6*n + 1. Let p be q(4). Let h(j) = -j**2 + 5*j - 7. Let l be h(6). Let k = l + p. What is the tens digit of k?
1
Let p = 226 - 99. What is the units digit of p?
7
Let u(f) be the third derivative of -f**5/60 + f**4/6 + f**3/3 - 2*f**2. Let d be u(3). Suppose -34 = -d*x + 31. What is the tens digit of x?
1
What is the units digit of (-2)/1*(-258)/12?
3
Let x(z) be the second derivative of z**4/12 + 2*z**3/3 - 4*z**2 - z. What is the units digit of x(-7)?
3
Let w(g) = 4*g**2 - 18*g + 2. What is the units digit of w(6)?
8
Let f = -24 + 5. Let d = 29 + f. What is the units digit of d?
0
Suppose 0 = -5*p + 4*z + 42, -5*z - 27 = -p - p. Suppose -v = -3*i + 15, p*v - v - 3 = 2*i. Let f = i + -5. What is the units digit of f?
1
Suppose -5*i + 4 = -s, i + 3*i - 9 = -5*s. Let u be -2 + i + 2 + -1. Suppose -2*n - w + 20 = -3*w, u = -5*n - 2*w + 57. What is the units digit of n?
1
What is the units digit of ((-8)/16)/(2/(-152))?
8
Let s(z) be the second derivative of -z**4/12 + 4*z**3/3 + 4*z**2 + 2*z. Let q be s(8). Suppose 4*l = q, -2*t + 4*l = -3*t + 15. What is the units digit of t?
7
Let y(c) be the third derivative of c**4/8 + c**3/6 - c**2. Let d be y(-1). What is the units digit of (-11)/d + (-2)/4?
5
Let x(f) = -f**3 - 3*f**2 + 10*f + 2. Let s be x(-5). Let q be (-32)/(-1) - 2/2. Suppose -5*o = -2*j + 1 - q, 0 = 3*o + s*j - 34. What is the units digit of o?
8
Suppose 3*d - 144 = -3*u, -3*u + 5*d + 270 = 2*u. What is the units digit of u?
1
Let r be 3/(-6) + 34/4. Suppose -r = -5*z + z. Suppose 15 = z*y + 5. What is the units digit of y?
5
Let x be -1 + 3 + 2 + 1. Suppose -44 = -2*o + x*n + 5, o - 2*n = 22. What is the tens digit of o?
1
Suppose -2*s + m + 90 = 0, 2*s = m - 2*m + 86. What is the units digit of s?
4
Suppose 2*x = -4*w + 140, 0*x - 4*x = -3*w + 83. What is the tens digit of w?
3
Let q(z) = -z**3 + 12*z**2 + 7*z - 8. What is the units digit of q(12)?
6
Let t(q) = 3*q**2 + 1. Suppose 0*o = -o. Let s be (o - 1)/(2 + -3). What is the units digit of t(s)?
4
Let q(g) = -g**2 - 17*g - 29. What is the units digit of q(-14)?
3
Let s = 61 + -37. Suppose s = 3*p + 4*t, -3*p - 4*t - 60 = -7*p. What is the units digit of p?
2
Let s(d) = 36*d. Suppose -r - 1 + 2 = 0. What is the tens digit of s(r)?
3
What is the units digit of 3/(2 + -1) + -1?
2
What is the tens digit of 54/2*(-14)/(-6)?
6
Let v(g) = -7*g**2 - 7*g - 11. Let p(y) = 10*y**2 + 11*y + 16. Let m(o) = -5*p(o) - 7*v(o). Suppose 0 = -4*a - a - 25. What is the units digit of m(a)?
2
Suppose 0 = v + v - 6. Let z(x) = -2*x**3 + x**2 - 5 + 0*x**v + 9*x - 10*x**2 + x**3. What is the units digit of z(-10)?
5
Suppose 5*d - 139 = 366. What is the tens digit of d?
0
Let h = -8 - -25. Let d = -9 + h. What is the units digit of d?
8
Suppose 4*k = -4*m - 540, -4*m + 545 = -4*k - 7*m. What is the tens digit of (8/10)/((-4)/k)?
2
Let f = 6 + 5. What is the tens digit of f?
1
What is the units digit of (1*-4 - -2)*(-60)/8?
5
Let p = 7 + -11. Let m = p - -10. Suppose 0 = -5*w + 2*w - 3*g + m, 2*w = 5*g - 3. What is the units digit of w?
1
Suppose -5*q = 4*d - 936, 0*d - 3*q = -5*d + 1170. What is the tens digit of d?
3
Let o be 1/(-1) + (-12)/(-4). Let u be (2/6*0)/o. Let h(t) = t**2 + 6. What is the units digit of h(u)?
6
Let a be (-27)/15 + (-3)/15. Let n = a + 5. What is the units digit of n?
3
Suppose 5*q + k = -5, q - 12 = 2*k - 2. Suppose 3*o = -p + 13, q*p - 2*p + 2*o = -2. Suppose x = p*x - 12. What is the units digit of x?
4
Let y = 4 - 4. Suppose -t - t + 10 = y. What is the units digit of t?
5
Let q = -22 - -16. What is the units digit of 2/(-8)*q*4?
6
Let t = -57 - -127. Let o = t - 47. What is the tens digit of o?
2
Let f = -2 + 1. Let v be (2 + f)*(-8)/(-2). Let k(r) = r**3 - 5*r**2 + 7*r - 5. What is the units digit of k(v)?
7
Let p(x) = -x**2 + 21*x + 33. What is the units digit of p(19)?
1
Suppose 3*d - 204 = -v - 25, 0 = -3*d - 3*v + 177. Suppose d = i + 3*i. What is the units digit of (-5)/i + (-8)/(-6)?
1
Suppose -5*p - 5 = 0, -m + 0*p - p = -29. Suppose 5*u + 5*o - m = 0, 0*o = 4*o. What is the units digit of u/21 - 89/(-7)?
3
Let b(w) = w**3 + 8*w**2 - 10*w + 3. Let u be b(-9). Suppose -q + 4 = -2*t + 12, 5*q - u = -3*t. What is the units digit of t?
4
Let m = -11 + 13. Let h(b) = 4*b**3 - 3*b**2 + 2*b - 2. What is the tens digit of h(m)?
2
Let b(m) = 3*m - 1. Let r be (2 - 4) + 7 + -2. What is the units digit of b(r)?
8
Let m = 11 - 8. What is the units digit of m?
3
Suppose 4*j + 6 = 6*j. Suppose 2*p + j*p = 25. Suppose -p*b + 37 = 7. What is the units digit of b?
6
Let s be 26/8 + (-4)/16. Suppose 0*u + s = 3*u. What is the units digit of u?
1
Suppose -3*u = 12 + 3. Suppose -4*x + r = -39, -6*x + 2*x + 3*r + 45 = 0. Let q = x - u. What is the tens digit of q?
1
Suppose 0 = -u + 4*u. Suppose 2*y + 107 = 3*l - u*l, -l + 3*y + 38 = 0. What is the units digit of l?
5
Let t = -9 + 18. Suppose -5*q = -t - 36. Suppose 3*v + q = 0, -3*f = -2*f + 2*v + 3. What is the units digit of f?
3
Suppose 0 = -v - 4*k, -v + 2*k + 18 = 3*v. Suppose -2*i - v*d + 8 = 36, -3*i + 3*d + 3 = 0. Let a = i - -12. What is the units digit of a?
8
Suppose 3*k - 5*k + 36 = 0. Suppose -x = -11 - k. What is the units digit of x?
9
Let v(p) = -2*p**2 + p + 60. What is the tens digit of v(0)?
6
Let r(z) = -z**2 + 3*z - 1. Let o(u) = -u**2 + 3*u. Let s(q) = 6*o(q) - 5*r(q). Let v be s(4). Let d(g) = g**3. What is the units digit of d(v)?
1
Suppose 0 = -l + 2. Suppose 3*s - l*s - 30 = 0. What is the tens digit of s?
3
Let z = 90 - 61. What is the tens digit of z?
2
Let s be -4 + 24/3 + 4. Suppose -s = -n + 5. What is the units digit of n?
3
Let r(i) = 2 - 6 + 5*i + 1 + 2. What is the units digit of r(5)?
4
Suppose 442 = 12*w + w. What is the units digit of w?
4
What is the hundreds digit of (-6376)/(-48) - 3/(-18)?
1
Suppose 2*s = 3*s + 7. Let o = s + 9. What is the units digit of (-16)/(1*(-2)/o)?
6
Suppose 147 + 653 = 8*i. What is the hundreds digit of i?
1
Let b(g) = 74*g - 6. What is the hundreds digit of b(3)?
2
Suppose a + 32 = -2*t, 0*a - 5*t = -4*a - 115. What is the units digit of (4/6)/(a/(-1845))?
1
Let q be (27/2)/((-3)/4). Let t = q + 30. What is the units digit of t?
2
Let j = 4 - 3. What is the units digit of j?
1
Suppose l - 12 = -4*v, -2 = -5*l + 4*v - 14. Suppose 0 = 2*p - 2, -q - 3*p + 19 = l. What is the tens digit of q?
1
Let h = 3 - 7. Let c(w) = -w**2 - 7*w + 6. What is the units digit of c(h)?
8
Let j be 8 + 0 + 0 + -1. Let f be (-4)/(-42)*3*j. Suppose f*h = -3*a + 10, -3*h + 6 = -h + 5*a. What is the units digit of h?
8
What is the tens digit of (-69)/(1*(-5 - -4))?
6
Suppose 3*h + 0*h + 5*t - 42 = 0, t = -2*h + 28. What is the tens digit of h?
1
Suppose a - 5 = -3. Suppose -a*w = 4*j - 72, w = -5*j - 2*w + 88. What is the units digit of